git of x?
5
Let y(l) = 14*l**2 + 197*l - 48. What is the units digit of y(-33)?
7
Let q(n) = -4*n**2 - 44*n + 1. Let w(l) = -l**2 - 8*l - 6*l - 2*l + 15*l. Let m(f) = q(f) - 3*w(f). What is the hundreds digit of m(-32)?
2
Suppose -3*b - 8286 = -6*m, 8*m - 5*b = 10*m - 2750. What is the hundreds digit of m?
3
Suppose 11*m - 96 + 41 = 0. Suppose 0*y = 2*y - m*a - 280, 5*a + 685 = 5*y. What is the hundreds digit of y?
1
Let s(r) be the second derivative of 45*r**3/2 + 7*r**2/2 - 50*r. What is the units digit of s(1)?
2
Suppose 9*o = -17*o + 34*o - 63032. What is the units digit of o?
9
Let s = -129 + 62. Let v = s - -448. What is the units digit of v?
1
Let x be (6 - 61)/(-5)*64. Suppose 0 = 2*p, -4*c - 10 = -5*c + p. Suppose -x = -c*m - m. What is the tens digit of m?
6
Suppose 190*w - 211*w + 71001 = 0. What is the tens digit of w?
8
Let a = -177 - -114. What is the tens digit of (-1687)/a - 2/(-9) - -1?
2
Let w(m) = -m**3 + 2*m**2 + 13*m - 21. Let r be w(4). What is the hundreds digit of (0 - (-6 - r)) + 1118?
1
Let g(z) = -2*z**3 - 26*z**2 - 2*z - 20. Let c be g(-13). Suppose -c*b + 402 = 204. What is the tens digit of b?
3
Suppose 3*w + 490 - 3268 = -3*u, -3*u + 4640 = 5*w. Suppose 3*c + w = 10*c. What is the hundreds digit of c?
1
Suppose -6*x + 10*x - 5*h - 26 = 0, -4*h = x + 4. Suppose -x*n + 5089 = -963. What is the hundreds digit of n?
5
Let t(i) be the second derivative of 25*i**3/3 + 2*i**2 + 32*i. Let l be t(2). Suppose -2*z + 88 = 4*h, -h + 0*h = -3*z + l. What is the units digit of z?
6
Let o(i) be the second derivative of i**4/3 - i**3/6 + 5*i**2 + 33*i. What is the tens digit of o(10)?
0
Let z(x) = x + 6. Let f be z(1). Let j(m) = 5*m**2 - 9*m + 19. What is the hundreds digit of j(f)?
2
Suppose -52*p + 62*p - 23313 - 71937 = 0. What is the tens digit of p?
2
Let w be (7 + -2324)*2/(-7). Suppose 0 = -w*t + 660*t + 2382. What is the hundreds digit of t?
1
Suppose -33*h = -253893 + 26523. What is the thousands digit of h?
6
Let d = -44 + 50. Suppose n = 4*n - d. Suppose -5*b + 121 = 4*f, -3*f - b + n*b = -105. What is the tens digit of f?
3
Let h(s) = 2*s. Let x(b) = -33*b + 119. Let k(w) = -4*h(w) - x(w). What is the units digit of k(18)?
1
Let p(a) be the second derivative of -4*a**3/3 - 81*a**2/2 - 11*a. Let u(y) = -y + 1. Let l(c) = -p(c) - 6*u(c). What is the hundreds digit of l(9)?
2
Let b(g) = g**3 + 10*g**2 - 11*g. Let v be b(-11). Suppose -5*q = 2*t - v*t - 1430, -2*q - 715 = -t. What is the tens digit of t?
1
Let s = -17 + 26. Let o be (1*-1)/(s + -8). What is the hundreds digit of o/((-26)/4) + 4206/39?
1
Suppose 0 = -3*l - 5*y - 1 + 2, -2 = 2*y. What is the units digit of ((-3)/(-2))/(l - 1445/730)?
3
Let a be (1 + 2/(-4))/((-19)/(-266)). Suppose a*h - 341 = 1465. What is the units digit of h?
8
Suppose 4*f + 4*n = 24, 2*f - n = -0*f + 9. Let b be (2*-2)/((10/167)/f). Let a = b + 521. What is the units digit of a?
7
Let n = -91 + 105. Suppose -n*z = -z - 1846. What is the tens digit of z?
4
Let v(y) = -589*y + 2240. What is the tens digit of v(-55)?
3
Suppose 297*b - 294*b + 1041 = 0. Let p = -204 - b. What is the hundreds digit of p?
1
What is the units digit of (-40823)/(-14) + (1 + -13)/(-168)?
6
Let u(i) be the first derivative of -4 + 15*i - 1/3*i**3 - 4*i**2. What is the units digit of u(-7)?
2
Suppose -18*u - 2247 = -25*u. Suppose -3717 = -3*h - u. What is the thousands digit of h?
1
Let b(w) = w**3 - 12 + 7*w**3 - 9*w - 9*w**3 - 8*w**2. Let k be b(-7). Suppose 0*h + 225 = n - k*h, -3*h - 6 = 0. What is the units digit of n?
1
Suppose -11*b - 805 + 10155 = 0. Let d be -8 - -4 - b/(-5). Suppose 716 = 5*n + d. What is the units digit of n?
0
Suppose -8 = 2*x + 3*o + 2, -5*x = 5*o + 15. What is the hundreds digit of ((-7)/x + 1)*(-1932)/8?
4
Let o = -17192 + 26718. What is the tens digit of o?
2
Suppose 55*w - 25*w + 21339 = 31*w. What is the thousands digit of w?
1
Let k(w) = 119*w**3 + 175*w**2 + 8*w + 6. What is the thousands digit of k(5)?
9
What is the thousands digit of (-4561)/(8 + (-7 - 21/14))?
9
Let u(r) = 2*r**2 + 5*r - 105. Let t(o) = -4*o**2 - 11*o + 210. Let y(v) = -2*t(v) - 5*u(v). Suppose -2104*w = -2051*w. What is the tens digit of y(w)?
0
Let s be 30/18 + (-103243)/(-21). Suppose -13*n + 5066 = -s. What is the hundreds digit of n?
7
Let m(v) = 64*v**2 - 2*v - 8. Let p = 29 - 26. What is the units digit of m(p)?
2
Suppose 40*t = 38*t - 18. Let i(c) = -c**3 - 6*c**2 + 2*c + 9. What is the tens digit of i(t)?
3
Suppose -5*w - 16091 = -48*w + 4678. What is the tens digit of w?
8
Suppose 180 = 4*g + 3*n, -5*g - n - 15 = -229. Let m = 45 - g. Suppose -m*i = -8*i + 230. What is the units digit of i?
6
Suppose 0 = 2*v + 3*p - 9593, -11*p = -4*v - 14*p + 19201. Suppose -6*c + 3146 = -v. What is the tens digit of c?
2
Let n(s) be the first derivative of s + 8*s**3 + 21 + 29/2*s**2 - 1/4*s**4. What is the units digit of n(25)?
1
Suppose 509 = p - 150. Let d = 1090 - p. What is the tens digit of d?
3
Let r(p) = 7*p + 147. Let m(i) = i - 32. Let q be m(21). What is the units digit of r(q)?
0
Let l(o) = -5*o + 113. Let i(f) = f**3 - 8*f**2 + 7*f - 6. Let g be i(7). Let h be 0/3*g/12. What is the units digit of l(h)?
3
What is the tens digit of -6338*4/(-4) - (33 + -25)?
3
Let u(c) = 586*c**2 + 4*c - 18. Let m be u(5). Suppose -44*j + m = -8*j. What is the hundreds digit of j?
4
Let c = 390 - 255. Suppose -3*k + 38 = 2*s, -29 = 5*s + 2*k - c. What is the tens digit of s?
2
Let f(i) = -i - 3. Let j(s) = 55*s + 48. Let l(t) = f(t) - j(t). What is the tens digit of l(-10)?
0
Suppose -6*v = 7*v - v - 171924. What is the tens digit of v?
2
Suppose 0 = -129*b - 121*b + 9390750. What is the ten thousands digit of b?
3
What is the ten thousands digit of -34 + (-3988248)/(-48) + 14/4?
8
Let x = 1289 + 11434. What is the ten thousands digit of x?
1
Let v(t) = 17*t**2 - 7*t + 15. Suppose 0 = 2*l + 3*j - 16, -6*l - j + 27 = -l. What is the units digit of v(l)?
5
Let l be (-11 - 1) + 28/(-28). Let y = l + 19. Suppose r + 2*z = -2*z + 3, -2*r + y = -5*z. What is the units digit of r?
3
Let a = -46 + 20. Let v = -27 - a. What is the tens digit of 10 + (-15)/(-5) + v?
1
Let q(r) = 15*r - 189. Let b be q(22). Suppose -b*j + 134*j = -2471. What is the hundreds digit of j?
3
Suppose -15*v + 10*v - 345 = 0. Let g = 202 - 48. Let i = v + g. What is the units digit of i?
5
Let o(d) = -9*d + 69. Let l be o(-25). Suppose -3*a = -a - 36. Suppose -l + a = -3*k. What is the units digit of k?
2
Suppose -5168410 = -198*l - 1416299 + 808819. What is the hundreds digit of l?
0
Let s(h) = h**2 + 12*h + 38. Let b be s(-8). Let a(i) be the first derivative of i**4/4 - 4*i**3/3 + 11*i**2/2 - 15*i - 3. What is the units digit of a(b)?
3
Let h = 294 - 29. Let f = 528 - h. What is the tens digit of f?
6
Let k(t) = t + 6. Let q be k(0). What is the units digit of 523 + q/1 + -1?
8
Suppose 77 = 4*d - 63. Suppose -d*g - 13911 = -45726. What is the tens digit of g?
0
Suppose 2*r = -2*w - 248, 4*r - r - 3*w + 354 = 0. Let z = r - -197. What is the tens digit of z?
7
Let u be (-2*(4 + -1))/(5/(-1585)). Suppose -3*k + u = -k - 4*g, 0 = 2*k + g - 1912. What is the hundreds digit of k?
9
Suppose 21*a + 170550 = 12*a + 12*a. What is the hundreds digit of a?
8
What is the units digit of -10 - (-79840)/(-10)*-1?
4
Let x(l) = 54*l + 35. Let i be x(5). Let c = i + -167. What is the tens digit of c?
3
Let r(o) = -7*o**3 + 11*o**2 - o + 60. What is the hundreds digit of r(-10)?
1
Suppose 3*n + 72418 = 2*d - 15483, -5*d + 219735 = -5*n. What is the tens digit of d?
4
Let u(i) = 6*i**2 - 4*i - 30. Suppose 5*b = -15 + 70. What is the hundreds digit of u(b)?
6
Let o = -1375 - -2895. Let t = -953 + o. What is the units digit of t?
7
Suppose -16*g = -12*g - 400. Suppose -4*u - 3*j = -1747, -3*u - g = -5*j - 1403. What is the hundreds digit of u?
4
Suppose 2*q - 4 = -4*s, 0*q + 11 = 5*s + q. Suppose 6*x = i + s*x - 228, -4*x + 486 = 2*i. What is the units digit of i?
7
Let c be 14 + (-10)/(-40)*8. Suppose 4*g + 5*v = -474 + 3483, -4*v = 5*g - 3768. Suppose c*q - g = 7*q. What is the tens digit of q?
8
Let f = -131 + 229. Suppose 5*x - 2*x + 2*q = f, q - 94 = -3*x. Suppose 3*k = 42 + x. What is the tens digit of k?
2
Let v = 9 + -6. Suppose 0 = 3*g + v*p - 1125, 3*g + 4